{"id":12574,"date":"2020-06-16T11:53:28","date_gmt":"2020-06-16T09:53:28","guid":{"rendered":"http:\/\/www.neoedizioni.it\/nuovosito\/?page_id=12574"},"modified":"2023-05-25T12:25:51","modified_gmt":"2023-05-25T10:25:51","slug":"peppe-millanta","status":"publish","type":"page","link":"https:\/\/www.neoedizioni.it\/neo\/autori\/peppe-millanta\/","title":{"rendered":"Peppe Millanta"},"content":{"rendered":"<p>[vc_row][vc_column width=&#8221;1\/2&#8243;][vc_row_inner][vc_column_inner][vc_single_image image=&#8221;12322&#8243; img_size=&#8221;full&#8221; alignment=&#8221;center&#8221;][\/vc_column_inner][\/vc_row_inner][\/vc_column][vc_column width=&#8221;1\/2&#8243; el_class=&#8221;sidebar-left-border&#8221;][vc_column_text]<strong>Peppe Millanta <\/strong><span style=\"color: #000080;\"><span lang=\"zxx\"><span style=\"color: #000000;\">non \u00e8 il vero nome di Peppe Millanta, ma si \u00e8 talmente abituato che si volta anche se lo chiamate cos\u00ec.<br \/>\n<\/span><\/span><\/span>Diplomato all\u2019Accademia Nazionale Silvio d\u2019Amico, firma la sceneggiatura della serie\u00a0<i>Blackout &#8211; Vite sospese<\/i> su Rai1, cura le rubriche\u00a0<i>Quota Mille<\/i>\u00a0e\u00a0<i>Macchemito <\/i>su Rai Abruzzo. Fondatore della\u00a0Scuola Macondo, dedicata alle arti narrative, \u00e8 direttore artistico del festival\u00a0SquiLibri\u00a0di Francavilla al Mare. Dirige la collana\u00a0\u201cComete\u201d\u00a0(Ianieri Edizioni), dedicata alla narrativa di viaggio. Suo il libro <i>La rotta delle nuvole. Piccole bussole per sognatori testardi<\/i>\u00a0(Ediciclo, 2020).<br \/>\nHa esordito con il romanzo <a href=\"https:\/\/www.neoedizioni.it\/neo\/prodotto\/vinpeel-degli-orizzonti\/\" target=\"_blank\" rel=\"noopener\"><i>Vinpeel degli Orizzonti<\/i><\/a> (Neo Edizioni, 2018) vincitore di numerosi premi tra cui Premio John Fante Opera Prima, Premio Citt\u00e0 di Cuneo e Premio Alda Merini, candidato al Premio Strega Ragazze e Ragazzi e selezionato al Campiello Opera Prima. Il romanzo \u00e8 tradotto in Francia, Argentina, Cile e Romania.<\/p>\n<p align=\"JUSTIFY\">Quando pu\u00f2, scrive su un camper che si chiama <i>Ronzinante<\/i>, ma che ha ribattezzato <i>Suspense<\/i> visto che si diverte a\u00a0lasciarlo a piedi all\u2019improvviso nei luoghi meno opportuni.<\/p>\n<p>[\/vc_column_text][\/vc_column][\/vc_row][vc_row][vc_column][vc_basic_grid post_type=&#8221;product&#8221; max_items=&#8221;10&#8243; item=&#8221;12132&#8243; initial_loading_animation=&#8221;none&#8221; grid_id=&#8221;vc_gid:1685010108882-d651901b-0e37-9&#8243; taxonomies=&#8221;2032&#8243;][\/vc_column][\/vc_row]<\/p>\n","protected":false},"excerpt":{"rendered":"<p>[vc_row][vc_column width=&#8221;1\/2&#8243;][vc_row_inner][vc_column_inner][vc_single_image image=&#8221;12322&#8243; img_size=&#8221;full&#8221; alignment=&#8221;center&#8221;][\/vc_column_inner][\/vc_row_inner][\/vc_column][vc_column width=&#8221;1\/2&#8243; el_class=&#8221;sidebar-left-border&#8221;][vc_column_text]Peppe Millanta non \u00e8 il vero nome di Peppe Millanta, ma si \u00e8 talmente abituato che si volta anche se<span class=\"excerpt-hellip\"> [\u2026]<\/span><\/p>\n","protected":false},"author":1,"featured_media":12322,"parent":12471,"menu_order":0,"comment_status":"closed","ping_status":"closed","template":"","meta":[],"yoast_head":"<!-- This site is optimized with the Yoast SEO plugin v19.10 - https:\/\/yoast.com\/wordpress\/plugins\/seo\/ -->\n<title>Peppe Millanta - NEO. Edizioni<\/title>\n<meta name=\"robots\" content=\"index, follow, max-snippet:-1, max-image-preview:large, max-video-preview:-1\" \/>\n<link rel=\"canonical\" href=\"https:\/\/www.neoedizioni.it\/neo\/autori\/peppe-millanta\/\" \/>\n<meta property=\"og:locale\" content=\"it_IT\" \/>\n<meta property=\"og:type\" content=\"article\" \/>\n<meta property=\"og:title\" content=\"Peppe Millanta - NEO. Edizioni\" \/>\n<meta property=\"og:description\" content=\"[vc_row][vc_column width=&#8221;1\/2&#8243;][vc_row_inner][vc_column_inner][vc_single_image image=&#8221;12322&#8243; img_size=&#8221;full&#8221; alignment=&#8221;center&#8221;][\/vc_column_inner][\/vc_row_inner][\/vc_column][vc_column width=&#8221;1\/2&#8243; el_class=&#8221;sidebar-left-border&#8221;][vc_column_text]Peppe Millanta non \u00e8 il vero nome di Peppe Millanta, ma si \u00e8 talmente abituato che si volta anche se [\u2026]\" \/>\n<meta property=\"og:url\" content=\"https:\/\/www.neoedizioni.it\/neo\/autori\/peppe-millanta\/\" \/>\n<meta property=\"og:site_name\" content=\"NEO. Edizioni\" \/>\n<meta property=\"article:publisher\" content=\"https:\/\/www.facebook.com\/Neo-Edizioni-1018045348210923\/\" \/>\n<meta property=\"article:modified_time\" content=\"2023-05-25T10:25:51+00:00\" \/>\n<meta property=\"og:image\" content=\"https:\/\/www.neoedizioni.it\/neo\/wp-content\/uploads\/2020\/06\/Peppe-Millanta.jpg\" \/>\n\t<meta property=\"og:image:width\" content=\"270\" \/>\n\t<meta property=\"og:image:height\" content=\"270\" \/>\n\t<meta property=\"og:image:type\" content=\"image\/jpeg\" \/>\n<meta name=\"twitter:card\" content=\"summary_large_image\" \/>\n<meta name=\"twitter:site\" content=\"@neoedizioni\" \/>\n<meta name=\"twitter:label1\" content=\"Tempo di lettura stimato\" \/>\n\t<meta name=\"twitter:data1\" content=\"1 minuto\" \/>\n<script type=\"application\/ld+json\" class=\"yoast-schema-graph\">{\"@context\":\"https:\/\/schema.org\",\"@graph\":[{\"@type\":\"WebPage\",\"@id\":\"https:\/\/www.neoedizioni.it\/neo\/autori\/peppe-millanta\/\",\"url\":\"https:\/\/www.neoedizioni.it\/neo\/autori\/peppe-millanta\/\",\"name\":\"Peppe Millanta - NEO. Edizioni\",\"isPartOf\":{\"@id\":\"https:\/\/www.neoedizioni.it\/neo\/#website\"},\"datePublished\":\"2020-06-16T09:53:28+00:00\",\"dateModified\":\"2023-05-25T10:25:51+00:00\",\"breadcrumb\":{\"@id\":\"https:\/\/www.neoedizioni.it\/neo\/autori\/peppe-millanta\/#breadcrumb\"},\"inLanguage\":\"it-IT\",\"potentialAction\":[{\"@type\":\"ReadAction\",\"target\":[\"https:\/\/www.neoedizioni.it\/neo\/autori\/peppe-millanta\/\"]}]},{\"@type\":\"BreadcrumbList\",\"@id\":\"https:\/\/www.neoedizioni.it\/neo\/autori\/peppe-millanta\/#breadcrumb\",\"itemListElement\":[{\"@type\":\"ListItem\",\"position\":1,\"name\":\"Home\",\"item\":\"https:\/\/www.neoedizioni.it\/neo\/\"},{\"@type\":\"ListItem\",\"position\":2,\"name\":\"Autori\",\"item\":\"https:\/\/www.neoedizioni.it\/neo\/autori\/\"},{\"@type\":\"ListItem\",\"position\":3,\"name\":\"Peppe Millanta\"}]},{\"@type\":\"WebSite\",\"@id\":\"https:\/\/www.neoedizioni.it\/neo\/#website\",\"url\":\"https:\/\/www.neoedizioni.it\/neo\/\",\"name\":\"NEO. Edizioni\",\"description\":\"PER LETTORI PIONIERI\",\"publisher\":{\"@id\":\"https:\/\/www.neoedizioni.it\/neo\/#organization\"},\"potentialAction\":[{\"@type\":\"SearchAction\",\"target\":{\"@type\":\"EntryPoint\",\"urlTemplate\":\"https:\/\/www.neoedizioni.it\/neo\/?s={search_term_string}\"},\"query-input\":\"required name=search_term_string\"}],\"inLanguage\":\"it-IT\"},{\"@type\":\"Organization\",\"@id\":\"https:\/\/www.neoedizioni.it\/neo\/#organization\",\"name\":\"Neo Edizioni\",\"url\":\"https:\/\/www.neoedizioni.it\/neo\/\",\"logo\":{\"@type\":\"ImageObject\",\"inLanguage\":\"it-IT\",\"@id\":\"https:\/\/www.neoedizioni.it\/neo\/#\/schema\/logo\/image\/\",\"url\":\"https:\/\/www.neoedizioni.it\/neo\/wp-content\/uploads\/2020\/06\/Logo-Neo-Edizioni-Nero_small-1.png\",\"contentUrl\":\"https:\/\/www.neoedizioni.it\/neo\/wp-content\/uploads\/2020\/06\/Logo-Neo-Edizioni-Nero_small-1.png\",\"width\":107,\"height\":50,\"caption\":\"Neo Edizioni\"},\"image\":{\"@id\":\"https:\/\/www.neoedizioni.it\/neo\/#\/schema\/logo\/image\/\"},\"sameAs\":[\"https:\/\/www.instagram.com\/neoedizioni\/\",\"https:\/\/www.pinterest.co.uk\/search\/pins\/?q=neoedizioni&amp;amp;amp;amp;amp;rs=filter\",\"https:\/\/www.facebook.com\/Neo-Edizioni-1018045348210923\/\",\"https:\/\/twitter.com\/neoedizioni\"]}]}<\/script>\n<!-- \/ Yoast SEO plugin. -->","yoast_head_json":{"title":"Peppe Millanta - NEO. Edizioni","robots":{"index":"index","follow":"follow","max-snippet":"max-snippet:-1","max-image-preview":"max-image-preview:large","max-video-preview":"max-video-preview:-1"},"canonical":"https:\/\/www.neoedizioni.it\/neo\/autori\/peppe-millanta\/","og_locale":"it_IT","og_type":"article","og_title":"Peppe Millanta - NEO. Edizioni","og_description":"[vc_row][vc_column width=&#8221;1\/2&#8243;][vc_row_inner][vc_column_inner][vc_single_image image=&#8221;12322&#8243; img_size=&#8221;full&#8221; alignment=&#8221;center&#8221;][\/vc_column_inner][\/vc_row_inner][\/vc_column][vc_column width=&#8221;1\/2&#8243; el_class=&#8221;sidebar-left-border&#8221;][vc_column_text]Peppe Millanta non \u00e8 il vero nome di Peppe Millanta, ma si \u00e8 talmente abituato che si volta anche se [\u2026]","og_url":"https:\/\/www.neoedizioni.it\/neo\/autori\/peppe-millanta\/","og_site_name":"NEO. Edizioni","article_publisher":"https:\/\/www.facebook.com\/Neo-Edizioni-1018045348210923\/","article_modified_time":"2023-05-25T10:25:51+00:00","og_image":[{"width":270,"height":270,"url":"https:\/\/www.neoedizioni.it\/neo\/wp-content\/uploads\/2020\/06\/Peppe-Millanta.jpg","type":"image\/jpeg"}],"twitter_card":"summary_large_image","twitter_site":"@neoedizioni","twitter_misc":{"Tempo di lettura stimato":"1 minuto"},"schema":{"@context":"https:\/\/schema.org","@graph":[{"@type":"WebPage","@id":"https:\/\/www.neoedizioni.it\/neo\/autori\/peppe-millanta\/","url":"https:\/\/www.neoedizioni.it\/neo\/autori\/peppe-millanta\/","name":"Peppe Millanta - NEO. Edizioni","isPartOf":{"@id":"https:\/\/www.neoedizioni.it\/neo\/#website"},"datePublished":"2020-06-16T09:53:28+00:00","dateModified":"2023-05-25T10:25:51+00:00","breadcrumb":{"@id":"https:\/\/www.neoedizioni.it\/neo\/autori\/peppe-millanta\/#breadcrumb"},"inLanguage":"it-IT","potentialAction":[{"@type":"ReadAction","target":["https:\/\/www.neoedizioni.it\/neo\/autori\/peppe-millanta\/"]}]},{"@type":"BreadcrumbList","@id":"https:\/\/www.neoedizioni.it\/neo\/autori\/peppe-millanta\/#breadcrumb","itemListElement":[{"@type":"ListItem","position":1,"name":"Home","item":"https:\/\/www.neoedizioni.it\/neo\/"},{"@type":"ListItem","position":2,"name":"Autori","item":"https:\/\/www.neoedizioni.it\/neo\/autori\/"},{"@type":"ListItem","position":3,"name":"Peppe Millanta"}]},{"@type":"WebSite","@id":"https:\/\/www.neoedizioni.it\/neo\/#website","url":"https:\/\/www.neoedizioni.it\/neo\/","name":"NEO. Edizioni","description":"PER LETTORI PIONIERI","publisher":{"@id":"https:\/\/www.neoedizioni.it\/neo\/#organization"},"potentialAction":[{"@type":"SearchAction","target":{"@type":"EntryPoint","urlTemplate":"https:\/\/www.neoedizioni.it\/neo\/?s={search_term_string}"},"query-input":"required name=search_term_string"}],"inLanguage":"it-IT"},{"@type":"Organization","@id":"https:\/\/www.neoedizioni.it\/neo\/#organization","name":"Neo Edizioni","url":"https:\/\/www.neoedizioni.it\/neo\/","logo":{"@type":"ImageObject","inLanguage":"it-IT","@id":"https:\/\/www.neoedizioni.it\/neo\/#\/schema\/logo\/image\/","url":"https:\/\/www.neoedizioni.it\/neo\/wp-content\/uploads\/2020\/06\/Logo-Neo-Edizioni-Nero_small-1.png","contentUrl":"https:\/\/www.neoedizioni.it\/neo\/wp-content\/uploads\/2020\/06\/Logo-Neo-Edizioni-Nero_small-1.png","width":107,"height":50,"caption":"Neo Edizioni"},"image":{"@id":"https:\/\/www.neoedizioni.it\/neo\/#\/schema\/logo\/image\/"},"sameAs":["https:\/\/www.instagram.com\/neoedizioni\/","https:\/\/www.pinterest.co.uk\/search\/pins\/?q=neoedizioni&amp;amp;amp;amp;amp;rs=filter","https:\/\/www.facebook.com\/Neo-Edizioni-1018045348210923\/","https:\/\/twitter.com\/neoedizioni"]}]}},"_links":{"self":[{"href":"https:\/\/www.neoedizioni.it\/neo\/wp-json\/wp\/v2\/pages\/12574"}],"collection":[{"href":"https:\/\/www.neoedizioni.it\/neo\/wp-json\/wp\/v2\/pages"}],"about":[{"href":"https:\/\/www.neoedizioni.it\/neo\/wp-json\/wp\/v2\/types\/page"}],"author":[{"embeddable":true,"href":"https:\/\/www.neoedizioni.it\/neo\/wp-json\/wp\/v2\/users\/1"}],"replies":[{"embeddable":true,"href":"https:\/\/www.neoedizioni.it\/neo\/wp-json\/wp\/v2\/comments?post=12574"}],"version-history":[{"count":8,"href":"https:\/\/www.neoedizioni.it\/neo\/wp-json\/wp\/v2\/pages\/12574\/revisions"}],"predecessor-version":[{"id":15492,"href":"https:\/\/www.neoedizioni.it\/neo\/wp-json\/wp\/v2\/pages\/12574\/revisions\/15492"}],"up":[{"embeddable":true,"href":"https:\/\/www.neoedizioni.it\/neo\/wp-json\/wp\/v2\/pages\/12471"}],"wp:featuredmedia":[{"embeddable":true,"href":"https:\/\/www.neoedizioni.it\/neo\/wp-json\/wp\/v2\/media\/12322"}],"wp:attachment":[{"href":"https:\/\/www.neoedizioni.it\/neo\/wp-json\/wp\/v2\/media?parent=12574"}],"curies":[{"name":"wp","href":"https:\/\/api.w.org\/{rel}","templated":true}]}}